c(d) = d**2 - d + 3. Let x be c(2). Let s = 28 - x. List the prime factors of s.
23
Let h(z) = -z - 9. Let x be h(-9). Suppose -4*b + x = -64. What are the prime factors of b?
2
Let q(v) = -v**3 - 5*v**2 + 5*v - 2. Let g be q(-6). Let j = g + 0. What are the prime factors of j?
2
Suppose -2*b - 12 = 2*h - 6*b, -4*h + 2*b = 6. Suppose -4*n - 4*x + 72 = 0, -3*x - x + 16 = h. List the prime factors of n.
2, 7
Suppose 5*j + 5*t - 345 = 0, -t = j + 3*j - 285. List the prime factors of j.
2, 3
Suppose -34 = v - 257. List the prime factors of v.
223
What are the prime factors of ((-36)/(-21))/(2/35)?
2, 3, 5
Suppose -4*y - 5*w = 39, -6*y - 5*w - 33 = -3*y. List the prime factors of -1 + (1 - y) - -2.
2
Suppose t - 63 = q, -5*t + 3*q + 258 = -47. List the prime factors of t.
2, 29
Suppose 3*r + 2*r - 9 = -2*p, -5*p - 4*r = -14. Suppose 5*x + a + 112 = 0, p*x + 4*a = -26 - 26. What are the prime factors of (-2)/4*(x + 0)?
11
Let p(c) = -5*c**3 - c. Let l be p(-1). What are the prime factors of (-8)/l*(-75)/10?
2, 5
Suppose 1 - 6 = 5*q, -2*h = 2*q - 12. Let t = -4 + h. Suppose 0 = 5*v - t - 22. What are the prime factors of v?
5
Let s be (8 + 0)/((-4)/10). Let g = s + 37. What are the prime factors of g?
17
Let o = -3 + 6. Suppose -7 - o = -5*y. What are the prime factors of y?
2
Suppose -9 + 243 = 6*s. List the prime factors of s.
3, 13
Suppose 0 = 7*d - 2*d - 35. What are the prime factors of d?
7
Let t(i) = i + 14. Let b be t(-9). Suppose 78 + 27 = b*u + 5*w, 0 = -3*u + w + 83. What are the prime factors of u?
2, 13
Suppose 261 = 8*i - 611. List the prime factors of i.
109
Let m = -23 - -70. List the prime factors of m.
47
Let d = -3 + 0. Let s = d + 9. What are the prime factors of s?
2, 3
Let z = -60 + 87. What are the prime factors of 20/15*z/2?
2, 3
Let w(b) = 186*b**3 + 3*b**2 - 2*b + 1. List the prime factors of w(1).
2, 47
Let b(j) = j**2 + 4*j - 4. Let n be b(-4). Let x(y) = -y**3 - 4*y**2 - 7*y - 4. List the prime factors of x(n).
2, 3
Let h(o) = -o**2 - 4*o + 3. Let x be h(-4). Suppose x*f = -1 - 5. Let i(g) = -g**3 + g**2 + 2*g. What are the prime factors of i(f)?
2
Suppose 5*c - 1 = -0*b + b, -91 = -4*b + c. List the prime factors of b.
2, 3
Suppose 2 = h - 5. What are the prime factors of h?
7
Let o be 10/(-4 + 0 + 5). Suppose 0 = p + 4*k - 27, 72 = -2*p + 4*p - k. What are the prime factors of o/p + 131/7?
19
Let r = -2 - -2. Suppose -3*m - 24 = -2*w, 6*m = -2*w + 3*m. Suppose v = -4*l + 48, r = 2*l - v + w*v - 24. List the prime factors of l.
2, 3
Let p be ((-24)/(-18))/((-2)/(-6)). Suppose 63 + 13 = p*q. List the prime factors of q.
19
Let b(d) = -d**3 - 6*d**2 - 4*d + 1. Let z be b(-4). Let k = -10 - z. Suppose -m + 3*w = 5*w - 5, 0 = k*m - 2*w - 37. List the prime factors of m.
7
Let a = -19 + 16. What are the prime factors of (21/(-9))/(a/36)?
2, 7
Let d(f) = 9*f**3 - 2*f**2 + 1. Let o = 2 + -5. Let q = o + 4. List the prime factors of d(q).
2
Let a be 26/7 - (-2)/7. Suppose 3*p + 12 = 0, 0 = 4*s - 8*p + 3*p - 40. Suppose 2*g = -s*i + 34, -a*i + 30 = 2*g - 0*i. List the prime factors of g.
7
Let m be 0 + 4*(2 + -1). Suppose 0 = 2*c - m - 2. Suppose 2*v = 0, -i - v - c = -8. List the prime factors of i.
5
Let x = 25 + -35. Let m(n) = -n**3 - 9*n**2 + 13*n + 3. Let r be m(x). What are the prime factors of (-1)/(-2 - 51/r)?
3
Suppose 3*r + 73 = 1. Let i = 42 + r. List the prime factors of i.
2, 3
Suppose -14 = -2*k + 5*m, 5*k = -m - 4 + 39. Let p = 6 + k. List the prime factors of p.
13
Let t(v) = -9*v - 1. Let a(i) = -10*i - 2. Let k(h) = h**3 + 4*h**2 + 2*h + 3. Let r be k(-4). Let u(z) = r*t(z) + 4*a(z). What are the prime factors of u(4)?
17
Suppose z - 20 = 4*o, o + 4 + 1 = -z. Let y(s) = s**2 + 5*s - 6. Let x be y(o). What are the prime factors of x/(-3*1) + 10?
2, 3
Let m = -14 + 14. Suppose 2*p - 27 + 1 = m. What are the prime factors of p?
13
Suppose 4*s = s + 9. Suppose -4*r + 4*p = -84, s*r - p = -2*r + 121. Suppose -r - 10 = -4*t + y, -4*y = -20. List the prime factors of t.
2, 5
Let y(u) be the first derivative of -7*u**2 - 7*u + 1. What are the prime factors of y(-3)?
5, 7
Let u be ((-12)/15)/((-2)/10). Suppose z - q = -3, 4*z - q - q + 6 = 0. Suppose z = b + u*b - 35. What are the prime factors of b?
7
Suppose 5*w - w = 56. What are the prime factors of 8/5 + w/35?
2
Let u = 38 + 63. List the prime factors of u.
101
Let c(y) = y**3 + 4*y**2 + 5*y + 4. Let z be c(-5). Let a = z - -84. What are the prime factors of a?
2, 19
Let k be 7*5/(5/4). Suppose 0 = 2*h - k + 4. What are the prime factors of h?
2, 3
Let o(s) = 10*s - 3. What are the prime factors of o(6)?
3, 19
Let y be 60/8*2/3. Suppose -4*s + 104 = 4*q, 2*s + 0*q + q - 49 = 0. Suppose 5*d - y = 0, 0 = r - 3*r + d + s. List the prime factors of r.
2, 3
Let z(m) = m**2 - 2*m + 7. List the prime factors of z(3).
2, 5
Let i = -79 + 56. What are the prime factors of (8 + i)*(-4)/6?
2, 5
Let r(t) = -t + 11. List the prime factors of r(-9).
2, 5
Let v(n) = -n**2 - 10*n - 12. Let a be v(-8). Suppose -37 = -a*y + 71. List the prime factors of y.
3
Let t(y) = y - 1. Let i be t(1). Suppose -c + 4*c = i. Suppose 5*l - 25 = -3*z - c*l, -3*z = 3*l - 21. List the prime factors of z.
5
Let r = 19 - 9. Suppose 2*m - r = -h - 2*h, -m + 2 = 0. Suppose -2*u - h = 3*s - 0*u, 0 = 2*s + u. List the prime factors of s.
2
Let a = -70 + 116. Suppose 2*t = -5*m + 57, 6*m = 2*m - 2*t + a. List the prime factors of m.
11
Let t(d) = d**3 + 9*d**2 + 7*d + 9. List the prime factors of t(-7).
2, 29
Suppose -2*l + x + 11 = -4*l, -l = x + 7. Let j = l - -14. What are the prime factors of j?
2, 5
Suppose -7 = -h - 4*r, -2 = -0*h - 2*h - 5*r. Let l = -5 - h. Suppose v = l*v - 27. List the prime factors of v.
3
Suppose -3*t - 6 = 0, 0*n - n - 2*t - 18 = 0. Let s be (-4)/n - 19/(-7). Let f = s + 5. What are the prime factors of f?
2
List the prime factors of (-2)/(-14) + (975/35 - 3).
5
Suppose 0 = 5*w + 18 - 3. Let s(a) = 3*a - 1. Let t be s(w). What are the prime factors of -2*9/(-6) - t?
13
Suppose 5*g = 2 + 8. List the prime factors of 33 - 0 - g*2.
29
Let q(g) be the first derivative of g**5/20 + 2*g**3/3 - 1. Let x(l) be the third derivative of q(l). What are the prime factors of x(1)?
2, 3
Let p = 1 + 1. Suppose -2*n + 8 = p*n. Suppose -10 = -a - c, 21 - 1 = n*a - 2*c. List the prime factors of a.
2, 5
Suppose -r = r - 2. Suppose -r = -5*c + 9. List the prime factors of 1/c - (-19)/2.
2, 5
Suppose 7*p - 92 = 454. What are the prime factors of p?
2, 3, 13
Let y(h) = h**3 - 6*h**2 - 12*h + 4. Suppose 6*j = 4*j + 16. What are the prime factors of y(j)?
2, 3
Let z be (2/(-6))/(2/(-18)). Suppose z = 3*g - 0. Suppose -k - g = -12. List the prime factors of k.
11
Suppose -404 = -2*p - 2*p. List the prime factors of p.
101
Suppose 3*z - 2*p - 267 = 0, 0 = 4*z - 4*p - 216 - 136. What are the prime factors of z?
7, 13
Suppose -176 = -32*v + 31*v. What are the prime factors of v?
2, 11
Suppose -2*b + 5*b = 36. Suppose k = 4*k - b. List the prime factors of k.
2
Let b be (-26)/(-6) + (-8)/(-12). Let d = 12 - b. What are the prime factors of d?
7
Let q(t) = t**2 - 4*t - 5. Suppose 3*a = -4*w + 27, 5*w - 8 = 7. Let d be q(a). Suppose 15 = -d*m + 3*m. List the prime factors of m.
5
Suppose 70 = t - 137. List the prime factors of t.
3, 23
Suppose 0 = -4*m - 3*s + 77, 2*m - 5*s = -3*s + 56. What are the prime factors of m?
23
Let c = 284 - 151. What are the prime factors of c?
7, 19
Suppose -7*m + 9*m = 30. List the prime factors of m.
3, 5
Let x = 173 + -61. What are the prime factors of x?
2, 7
Let q(u) = -u**3 - 3*u**2 + 9*u + 7. Let l be q(-6). Let z be 390/(-9) - 5/(-15). Let g = z + l. What are the prime factors of g?
2, 3
Let h = 9 + -2. Suppose -h = 3*f + 2. What are the prime factors of f*(-2 + 2/3)?
2
Let n(l) = l**2 - l - 7. Let c be n(-7). Let g = -29 + c. List the prime factors of g.
2, 5
Let w be (1 + 0)/(-1)*-1. Suppose 3 = 2*j - w. What are the prime factors of j?
2
Let j(d) = d**3 - 6*d**2 + 4*d - 8. Let f be j(6). Let h = f - -30. What are the prime factors of h?
2, 23
Let y be 46/(-5) + (-6)/(-30). Let i = 5 - y. Suppose 0*x = -2*x + i. List the prime factors of x.
7
Suppose -294*k + 289*k + 560 = 0. What are the prime factors of k?
2, 7
Let l be 4 - (5 - 2 - 2). Let m = 7 - l. What are t